t is the thousands digit of 43336?
3
What is the units digit of 2028?
8
What is the units digit of 4615?
5
What is the thousands digit of 15453?
5
What is the units digit of 4490?
0
What is the thousands digit of 1784?
1
What is the tens digit of 20064?
6
What is the hundreds digit of 1036?
0
What is the tens digit of 1168?
6
What is the tens digit of 3867?
6
What is the tens digit of 6091?
9
What is the hundred thousands digit of 142198?
1
What is the thousands digit of 4809?
4
What is the hundreds digit of 60267?
2
What is the hundreds digit of 6607?
6
What is the units digit of 251?
1
What is the hundreds digit of 575?
5
What is the thousands digit of 1222?
1
What is the units digit of 75290?
0
What is the tens digit of 1224?
2
What is the thousands digit of 1203?
1
What is the ten thousands digit of 23110?
2
What is the tens digit of 3374?
7
What is the units digit of 16658?
8
What is the thousands digit of 24558?
4
What is the units digit of 5600?
0
What is the tens digit of 7626?
2
What is the hundreds digit of 2375?
3
What is the tens digit of 798?
9
What is the thousands digit of 157104?
7
What is the units digit of 25544?
4
What is the hundreds digit of 946?
9
What is the thousands digit of 21024?
1
What is the units digit of 673?
3
What is the thousands digit of 38243?
8
What is the thousands digit of 5628?
5
What is the units digit of 16098?
8
What is the tens digit of 2959?
5
What is the thousands digit of 28954?
8
What is the tens digit of 10124?
2
What is the units digit of 4320?
0
What is the tens digit of 328?
2
What is the units digit of 9683?
3
What is the thousands digit of 72200?
2
What is the tens digit of 164939?
3
What is the hundreds digit of 9294?
2
What is the thousands digit of 35590?
5
What is the units digit of 221?
1
What is the hundreds digit of 109?
1
What is the units digit of 3111?
1
What is the units digit of 33033?
3
What is the thousands digit of 64993?
4
What is the hundreds digit of 77627?
6
What is the units digit of 3373?
3
What is the units digit of 3329?
9
What is the tens digit of 977?
7
What is the thousands digit of 8519?
8
What is the ten thousands digit of 53764?
5
What is the tens digit of 1519?
1
What is the ten thousands digit of 18983?
1
What is the hundreds digit of 27000?
0
What is the units digit of 442?
2
What is the units digit of 9963?
3
What is the hundreds digit of 3111?
1
What is the hundreds digit of 5210?
2
What is the units digit of 46963?
3
What is the thousands digit of 49716?
9
What is the units digit of 113213?
3
What is the thousands digit of 3629?
3
What is the units digit of 72397?
7
What is the units digit of 9233?
3
What is the hundreds digit of 16256?
2
What is the units digit of 1690?
0
What is the units digit of 15627?
7
What is the hundreds digit of 4117?
1
What is the units digit of 5486?
6
What is the units digit of 13364?
4
What is the units digit of 29947?
7
What is the units digit of 741?
1
What is the tens digit of 7943?
4
What is the thousands digit of 4120?
4
What is the units digit of 1228?
8
What is the tens digit of 5315?
1
What is the hundreds digit of 4570?
5
What is the tens digit of 790?
9
What is the units digit of 81897?
7
What is the tens digit of 9212?
1
What is the hundreds digit of 3107?
1
What is the ten thousands digit of 37496?
3
What is the thousands digit of 45149?
5
What is the units digit of 69750?
0
What is the tens digit of 851?
5
What is the ten thousands digit of 38185?
3
What is the tens digit of 231?
3
What is the thousands digit of 21136?
1
What is the tens digit of 655?
5
What is the thousands digit of 79557?
9
What is the units digit of 656?
6
What is the tens digit of 1084?
8
What is the hundreds digit of 1222?
2
What is the thousands digit of 2012?
2
What is the units digit of 320?
0
What is the units digit of 89?
9
What is the ten thousands digit of 30016?
3
What is the thousands digit of 5643?
5
What is the thousands digit of 6977?
6
What is the units digit of 1362?
2
What is the tens digit of 15?
1
What is the units digit of 25567?
7
What is the ten thousands digit of 52347?
5
What is the thousands digit of 78860?
8
What is the hundreds digit of 876?
8
What is the tens digit of 106115?
1
What is the hundreds digit of 3808?
8
What is the thousands digit of 23324?
3
What is the thousands digit of 5228?
5
What is the tens digit of 1073?
7
What is the units digit of 20860?
0
What is the ten thousands digit of 24981?
2
What is the hundreds digit of 14528?
5
What is the hundreds digit of 7359?
3
What is the tens digit of 69303?
0
What is the ten thousands digit of 19301?
1
What is the thousands digit of 32773?
2
What is the thousands digit of 1551?
1
What is the tens digit of 10043?
4
What is the hundreds digit of 630?
6
What is the thousands digit of 6465?
6
What is the units digit of 2156?
6
What is the thousands digit of 3790?
3
What is the hundreds digit of 5068?
0
What is the thousands digit of 1056?
1
What is the hundreds digit of 17433?
4
What is the hundreds digit of 961?
9
What is the ten thousands digit of 16739?
1
What is the ten thousands digit of 137266?
3
What is the units digit of 20907?
7
What is the tens digit of 576?
7
What is the hundreds digit of 22202?
2
What is the units digit of 582?
2
What is the thousands digit of 6330?
6
What is the units digit of 29464?
4
What is the hundreds digit of 15038?
0
What is the hundreds digit of 107810?
8
What is the thousands digit of 2542?
2
What is the ten thousands digit of 14042?
1
What is the hundreds digit of 767?
7
What is the ten thousands digit of 18166?
1
What is the ten thousands digit of 35259?
3
What is the thousands digit of 5506?
5
What is the hundreds digit of 4422?
4
What is the hundreds digit of 4369?
3
What is the units digit of 3717?
7
What is the tens digit of 3596?
9
What is the hundreds digit of 36080?
0
What is the thousands digit of 6554?
6
What is the hundred thousands digit of 123052?
1
What is the ten thousands digit of 47702?
4
What is the tens digit of 3957?
5
What is the units digit of 78973?
3
What is the tens digit of 3301?
0
What is the tens digit of 32586?
8
What is the thousands digit of 89902?
9
What is the tens digit of 13962?
6
What is the ten thousands digit of 134325?
3
What is the hundreds digit of 8694?
6
What is the hundreds digit of 1083?
0
What is the ten thousands digit of 94860?
9
What is the hundreds digit of 6927?
9
What is the thousands digit of 1798?
1
What is the hundreds digit of 9263?
2
What is the hundreds digit of 36480?
4
What is the hundreds digit of 778?
7
What is the ten thousands digit of 118387?
1
What is the ten thousands digit of 80298?
8
What is the thousands digit of 13515?
3
What is the units digit of 1733?
3
What is the tens digit of 2788?
8
What is the tens digit of 136798?
9
What is the hundreds digit of 27563?
5
What is the thousands digit of 13697?
3
What is the thousands digit of 58346?
8
What is the thousands digit of 1044?
1
What is the tens digit of 26?
2
What is the hundreds digit of 3986?
9
What is the units digit of 960?
0
What is the units digit of 2051?
1
What is the ten thousands digit of 41604?
4
What is the thousands digit of 1299?
1
What is the units digit of 1801?
1
What is the thousands digit of 6375?
6
What is the units digit of 985?
5
What is the tens digit of 736?
3
What is the hundreds digit of 12080?
0
What is the units digit of 47089?
9
What is the thousands digit of 36646?
6
What is the units digit of 25899?
9
What is the hundreds digit of 4326?
3
What is the units digit of 1608?
8
What is the units digit of 336?
6
What is the units digit of 68083?
3
What is the hundreds digit of 3377?
3
What is the units digit of 81?
1
What is the hundreds digit of 178?
1
What is the tens digit of 44866?
6
What is the hundreds digit of 2339?
3
What is the tens digit of 9692?
9
What is the hundreds digit of 441?
4
What is the thousands digit of 6218?
6
What is the tens digit of 5596?
9
What is the hundreds digit of 154?
1
What is the thousands digit of 52991?
2
What is the thousands digit of 7770?
7
What is the ten thousands digit of 18386?
1
What is the units digit of 5387?
7
What is the units digit of 1663?
3
What is the ten thousands digit of 16069?
1
What is the units digit of 9869?
9
What is